)?
173
Let k(l) = -l**2 - 68*l - 630. Calculate k(-11).
-3
Let r(v) = 4*v + 74. Give r(-17).
6
Let n(s) = -2*s**2 - 5*s - 2. Determine n(-5).
-27
Let s(t) = -19*t**3 + 4*t**2 - 2*t. Calculate s(1).
-17
Let a(q) = -11*q - 66. Give a(-8).
22
Let s(t) = 2*t**3 + 29*t**2 - 16*t - 18. What is s(-15)?
-3
Let z(k) = -6*k**2 + 289*k - 54. Give z(48).
-6
Let s(p) = -6*p + 38. What is s(14)?
-46
Let o(p) = -3*p**2 - 177*p + 1. Calculate o(-59).
1
Let k(v) = -v**3 - 6*v**2 + 5*v - 8. Determine k(-7).
6
Let g(t) = -3*t**2 - t + 5. Determine g(-2).
-5
Let y(k) = -k**2 + 9*k - 20. What is y(9)?
-20
Let m(l) = -3*l**3 - l**2 + 8*l + 3. Give m(-3).
51
Let x(q) = -q**3 + 6*q**2 + 21*q - 12. Give x(8).
28
Let h(a) = 2*a - 36. Give h(22).
8
Let v(x) = -x**3 - 2*x**2 - x - 45. Determine v(0).
-45
Let o(a) = a**3 - 12*a**2 + 6*a - 12. Calculate o(12).
60
Let k(m) = -m**2 + 2*m. What is k(-3)?
-15
Let r(s) = s**3 - 10*s**2 + 3*s - 15. Calculate r(10).
15
Let u(n) = n**3 - 11*n**2 + 7*n - 3. Calculate u(9).
-102
Let h(w) = w**2 + 4*w - 80. Determine h(8).
16
Let d(b) = 3*b**2 - 55*b + 105. What is d(16)?
-7
Let j(d) = 40*d**2 - d. Give j(-1).
41
Let j(a) = 2*a**3 - 95*a**2 - 50*a + 91. Calculate j(48).
-5
Let j(u) = -4*u - 6. Give j(-2).
2
Let t(x) = -x**3 + 8*x**2 - 4*x - 5. Determine t(7).
16
Let c(i) = i**2 + 4*i - 29. Determine c(3).
-8
Let t(q) = -q**2 - 13*q + 6. Determine t(-11).
28
Let i(v) = v - 5. Calculate i(5).
0
Let w(b) = b**3 + 2*b**2 - 5*b - 2. What is w(-3)?
4
Let a(i) = -8*i + 6. Determine a(7).
-50
Let s(a) = a**2 + 2*a + 24. What is s(-4)?
32
Let f(i) = -i**2 - 2*i + 10. Give f(-9).
-53
Let w(i) = -32*i - 10. What is w(1)?
-42
Let i(q) = 3*q**2 - 19*q - 1. Determine i(8).
39
Let v(r) = 6*r - 4. Calculate v(-2).
-16
Let g(c) = -c**3 - c**2 + 2*c + 8. Calculate g(0).
8
Let s(g) = -g**3 + 5*g**2 + 6*g + 8. Calculate s(6).
8
Let v(c) = -14*c. Give v(1).
-14
Let a(c) = -c**2 + 16*c - 38. Determine a(13).
1
Let i(k) = 9*k - 27. Determine i(6).
27
Let h(v) = -v**3 - 11*v**2 - v + 2. What is h(-11)?
13
Let v(z) = -z - 7. Give v(-6).
-1
Let y(o) = 5*o**3 + 30*o**2 - 10*o - 58. Give y(-6).
2
Let h(q) = q**3 + 7*q**2 - 3*q - 15. Give h(-7).
6
Let t(l) = 7*l - 29. Give t(7).
20
Let x(o) = -3*o**3 + 3*o - 9. Give x(4).
-189
Let s(a) = 3*a**2 - 16*a - 16. Determine s(6).
-4
Let s(k) = 5*k + 147. Calculate s(-29).
2
Let l(y) = -y**3 - 4*y**2 + y + 4. Calculate l(-4).
0
Let j(l) = -2*l**2 + 20*l - 6. Determine j(10).
-6
Let d(y) = -10*y + 3. Give d(-5).
53
Let b(r) = r**2 + 7*r - 12. Determine b(-8).
-4
Let y(p) = 2*p**3 - 55*p**2 - 27*p - 25. What is y(28)?
3
Let n(c) = -2*c - 2. What is n(3)?
-8
Let s(p) = 26*p + 431. Calculate s(-17).
-11
Let i(y) = y**3 - 14*y**2 + 5*y + 34. Give i(14).
104
Let j(k) = -k**2 + 6*k + 182. Determine j(17).
-5
Let d(w) = w**3 - 4*w**2 - 4*w - 3. Give d(5).
2
Let p(z) = z**2 + 33*z + 249. Calculate p(-22).
7
Let w(f) = -7*f - 10. Give w(0).
-10
Let m(n) = -n**2 + n - 28. Calculate m(0).
-28
Let g(n) = -n**3 - 11*n**2 - 25*n - 44. Determine g(-8).
-36
Let s(x) = x**2 - 6*x - 5. Give s(5).
-10
Let d(v) = v**3 + 6*v**2 + 15. Give d(-7).
-34
Let r(b) = -4*b + 24. Give r(7).
-4
Let b(n) = 2*n**2 + 14*n + 6. Give b(-6).
-6
Let y(h) = h**2 + 3*h + 4. Determine y(-4).
8
Let z(a) = 24*a - 97. Give z(4).
-1
Let a(m) = -m**2 - 2*m - 8. Calculate a(4).
-32
Let m(a) = -a**3 - 4*a**2 - 3*a + 5. Determine m(-5).
45
Let d(h) = h**2 + 273*h - 1681. Determine d(6).
-7
Let y(t) = t**3 - 2*t**2 - 6*t - 6. Give y(5).
39
Let b(c) = 5*c - 3. Calculate b(3).
12
Let t(r) = 3*r**2 + 5*r. Determine t(-2).
2
Let t(y) = 4*y**2 + 90*y - 92. Determine t(1).
2
Let z(m) = -m**3 - 2*m**2 + 8*m + 10. Determine z(-4).
10
Let d(z) = -14*z**2 + 7*z - 11. What is d(2)?
-53
Let y(s) = -2*s**2 + 9*s - 13. Determine y(7).
-48
Let x(o) = -51*o**3 - o**2 - o - 1. Determine x(-1).
50
Let b(i) = -i**2 - 8*i + 6. What is b(-10)?
-14
Let g(q) = q**3 + 5*q**2 - 2*q - 19. Determine g(-3).
5
Let s(o) = 2*o**2 - 41*o + 33. Give s(19).
-24
Let h(y) = y - 16. Calculate h(9).
-7
Let m(v) = -12*v**2 + v. Give m(-1).
-13
Let g(r) = r**2 + 10*r - 28. What is g(-14)?
28
Let n(g) = -2*g**3 + 6*g**2 + 11*g - 16. What is n(4)?
-4
Let i(u) = -3*u + 2. Give i(14).
-40
Let s(v) = v**2 - v - 3. Calculate s(4).
9
Let g(l) = 17*l - 505. Calculate g(30).
5
Let x(z) = z**3 - 13*z**2 - 3*z + 40. Determine x(13).
1
Let z(v) = -v**3 + 3*v**2 + 16*v + 18. Give z(8).
-174
Let c(l) = l**2 - 5*l - 8. Give c(5).
-8
Let o(f) = 4*f - 6. Determine o(4).
10
Let v(q) = -q**2 + 6*q + 3. Determine v(10).
-37
Let i(b) = -3*b**2 - 2*b + 3. Calculate i(-2).
-5
Let t(v) = -v**2 - 10*v. Calculate t(-7).
21
Let f(t) = -4*t - 6. What is f(-7)?
22
Let y(b) = -b**2 + 16*b - 23. Calculate y(15).
-8
Let f(d) = d**2 + d + 7. Give f(-9).
79
Let v(f) = 15*f**2 + 4*f + 2. Determine v(-3).
125
Let m(w) = 2*w**2 + 6*w - 5. Give m(-6).
31
Let t(o) = 3*o + 3. Calculate t(4).
15
Let k(u) = 4*u - 31. Give k(9).
5
Let m(d) = -4*d - 6. Calculate m(5).
-26
Let s(t) = -3*t**2 + 4*t + 24. Calculate s(-5).
-71
Let u(c) = -2*c**2 - 7*c - 19. Calculate u(-6).
-49
Let w(o) = -o**3 - o**2 - 4*o - 10. What is w(0)?
-10
Let w(z) = -z**2 + 4*z + 11. What is w(6)?
-1
Let p(n) = -n**3 + 10*n**2 - 19*n + 22. Give p(8).
-2
Let b(o) = o**3 + 8*o**2 + 5*o - 8. Calculate b(-7).
6
Let i(j) = -4*j**2 - 43*j + 3. Calculate i(-11).
-8
Let b(h) = 5*h + 12. Give b(-11).
-43
Let t(n) = -14*n - 13. Determine t(-3).
29
Let l(y) = -y**2 + 5*y + 8. What is l(7)?
-6
Let v(s) = -2*s**2 + 9. Calculate v(6).
-63
Let x(n) = -31*n - 7. Determine x(-1).
24
Let x(c) = 2*c**2 - 14*c - 34. Calculate x(-2).
2
Let z(o) = -5*o**2 + 4*o + 3. What is z(4)?
-61
Let z(a) = -3*a**2 + 32*a - 12. Calculate z(10).
8
Let j(a) = -a**2 - 6*a + 26. Give j(-9).
-1
Let x(c) = 4*c - 2. Give x(-7).
-30
Let f(r) = r**3 - 5*r**2 + 2*r + 5. Determine f(4).
-3
Let k(m) = -m**2 - 5*m - 2. Determine k(-5).
-2
Let w(m) = m**2 - 7*m - 2. Determine w(7).
-2
Let r(o) = 4*o**3 - o**2 + 9*o + 14. What is r(-2)?
-40
Let k(p) = -p**2 - 96*p - 785. Determine k(-9).
-2
Let n(h) = 2*h - 45. Give n(27).
9
Let z(i) = 2*i**2 - 31*i + 106. What is z(10)?
-4
Let t(h) = 2*h + 4. Give t(-7).
-10
Let l(v) = -2*v**2 + 2*v + 2. Give l(2).
-2
Let b(z) = z**3 - 33*z**2 - 14*z + 461. Give b(33).
-1
Let r(u) = u. What is r(-4)?
-4
Let k(x) = 2*x**2 + 7*x + 5. What is k(-5)?
20
Let l(p) = p**3 + p**2 - 5*p + 6. Give l(-3).
3
Let v(m) = -2*m**2 - 13*m + 26. Determine v(-8).
2
Let j(c) = 5*c**2 - 20*c - 3. Determine j(6).
57
Let h(j) = -8*j + 62. What is h(5)?
22
Let v(h) = -2*h - 32. What is v(-17)?
2
Let n(m) = -2*m**3 + 2*m**2 + 2*m + 7. Give n(2).
3
Let g(w) = w**3 + 8*w**2 + 2*w + 11. What is g(-8)?
-5
Let p(z) = -2*z - 10. Calculate p(-3).
-4
Let i(o) = -o**3 + 9*o**2 + 5*o + 4. Calculate i(9).
49
Let g(v) = 2*v - 17. Determine g(5).
-7
Let d(k) = -k**3 + 10*k**2 - 20*k - 18. Give d(6).
6
Let j(v) = 3*v**2 - 15*v + 6. Give j(4).
-6
Let l(z) = z**3 - z**2 + z - 12. Determine l(0).
-12
Let k(p) = -2*p**2 + 38*p - 42. Determine k(18).
-6
Let d(n) = n - 4. Calculate d(-5).
-9
Let c(g) = 25*g**3 - 2*g - 2. Calculate c(-1).
-25
Let o(n) = -n**2 + 45*n + 235. Determine o(50).
-15
Let f(v) = v**3 - 2*v**2 + v - 10. Determine f(0).
-10
Let i(b) = 2*b**2 + 37*b - 19. Calculate i(-19).
0
Let v(s) = 103*s + 389. Give v(-4).
-23
Let g(w) = -12*w - 28. What is g(-14)?
140
Let n(x) = 2*x**2 - 14*x + 26. Determine n(7).
26
Let n(b) = -b**3 + 6*b**2 + 3*b - 18. Determine n(5).
22
Let u(c) = -c**3 - 5*c**2 - c + 3. Give u(-4).
-9
Let i(x) = -x**3 - 4*x**2 + 10*x + 37. What is i(-5)?
12
Let l(a) = -3*a + 24. Give l(9).
-3
Let k(h) = -14*h - 32. What is k(-3)?
10
Let d(w) = 19*w - 2. What is d(-2)?
-40
Let c(x) = 7*x**3 + x**2. Calculate c(-1).
-6
Let o(t) = 15*t - 163. Give o(11).
2
Let g(j) = -j**3 + 7*j**2 + 8*j + 2. What is g(8)?
2
Let c(k) = k**2 + k - 2. Determine c(-2).
0
Let i(f) = 5*f + 42. Calculate i(-8).
2
Let m(s) = s**2 + 24*s + 90. Give m(-19).
-5
Let x(p) = 13*p + 330. Calculate x(-25).
5
Let p(v) = -4*v - 27. Determine p(-6).
-3
Let z(v) = v**3 - 14*v**2 + 16*v + 12. What is z(2)?
-4
Let o(p) = 5*p**2 + p + 2. Give o(2).
24
Let b(v) = -2*v**2 + 15*v - 5. Calculate b(6).
13
Let j(q) = -2*q - 22. Determine j(-9).
-4
Let